{"id":125,"date":"2015-12-23T12:28:51","date_gmt":"2015-12-23T12:28:51","guid":{"rendered":"http:\/\/chove.hol.es\/web\/?page_id=125"},"modified":"2015-12-25T17:19:24","modified_gmt":"2015-12-25T17:19:24","slug":"presentacion-tte-alcalde","status":"publish","type":"page","link":"https:\/\/chove.hol.es\/web\/?page_id=125","title":{"rendered":"Presentaci\u00f3n Tte. Alcalde"},"content":{"rendered":"<p><a href=\"http:\/\/chove.hol.es\/web\/wp-content\/uploads\/2015\/12\/portada2.png\"><img loading=\"lazy\" decoding=\"async\" class=\"aligncenter size-medium wp-image-121\" src=\"http:\/\/chove.hol.es\/web\/wp-content\/uploads\/2015\/12\/portada2-210x300.png\" alt=\"\" width=\"210\" height=\"300\" srcset=\"https:\/\/chove.hol.es\/web\/wp-content\/uploads\/2015\/12\/portada2-210x300.png 210w, https:\/\/chove.hol.es\/web\/wp-content\/uploads\/2015\/12\/portada2.png 362w\" sizes=\"auto, (max-width: 210px) 100vw, 210px\" \/><\/a><\/p>\n<ul>\n<li><a title=\"Montefr\u00edo: Historia y Vidad de sus Gentes (A\u00f1os 50 y 60)\" href=\"http:\/\/chove.hol.es\/web\/?page_id=120\">Introducci\u00f3n<\/a><\/li>\n<li><a title=\"Presentaci\u00f3n Alcaldesa\" href=\"http:\/\/chove.hol.es\/web\/?page_id=123\">Presentaci\u00f3n Alcaldesa<\/a><\/li>\n<li><a title=\"Montefr\u00edo: Historia y Vida de sus Gentes\" href=\"http:\/\/chove.hol.es\/web\/?page_id=67\">Ir a Fotos de la Presentaci\u00f3n<\/a><\/li>\n<li><a title=\"Montefr\u00edo: Historia y Vida de sus Gentes\" href=\"http:\/\/chove.hol.es\/web\/?page_id=244\">Ir a V\u00eddeos sobre el Libro<\/a><\/li>\n<\/ul>\n<p><strong>Presentaci\u00f3n Tte. Alcalde:<\/strong><\/p>\n<p>Prologar un libro sobre la historia, la vida y las personas de tu lugar de nacimiento es dif\u00edcil, cuando te lo pide un montefrie\u00f1o que ha dedicado gran parte de su vida a lo p\u00fablico se hace realmente muy dif\u00edcil, pero a la vez, para ser honesto, una verdadera satisfacci\u00f3n y un halago que tal vez no merezca.<\/p>\n<p>Hablar de historia local y de identidad, es hablar sobre nosotros y nuestra historia, la micro historia que se ocupa de personas y agrupaciones que viven en un mismo territorio. Este libro que rompe con el paradigma de la Historia econ\u00f3mica y pol\u00edtica, de los grandes acontecimientos, que jam\u00e1s trat\u00f3 de los sujetos hist\u00f3ricos comunes, estos que tienen mucho que aportar para la comprensi\u00f3n de las identidades locales, los que en el duro proceso de superar la segunda mitad del siglo XX mostraron su coraje, su valent\u00eda y su trabajo para sobrevivir a esos momentos duros y tristes, que lucharon para permitir que la generaci\u00f3n posterior, a la que pertenezco, disfrutemos de un estado de bienestar y sobre todo de libertad extraordinarios. Ell@s han sido los verdaderos art\u00edfices de la libertad, as\u00ed que para comenzar \u201cgracias\u201d a todos los \u201cprotagonistas\u201d de esta maravillosa historia de vida por otorgarme \u201cm\u00ed libertad\u201d.<\/p>\n<p>Fueron los marxistas ingleses con su historia social y los antrop\u00f3logos sociales en Estados Unidos los que fomentaron estos estudios como identidades colectivas en la d\u00e9cada de los 70.<\/p>\n<p>Esta narrativa se enmarca dentro de la Posmodernidad, proceso te\u00f3rico y cultural, que reniega del gran relato de la historia, evolutiva, progresiva y \u00fanica con la que se construy\u00f3 el mito de las historias nacionales que hoy tanta controversia fomenta entre la ciudadan\u00eda.<\/p>\n<p>La historia local, aparece como una forma de rescatar a los sujetos comunes, que hab\u00edan sido excluidos de la historia oficial, rescatan del olvido los procesos individuales y sociales del quehacer cotidiano de una poblaci\u00f3n.<\/p>\n<p>Con el desarrollo de la Post modernidad y el proceso de globalizaci\u00f3n econ\u00f3mico y cultural, la historia local se ha convertido en una necesidad social, en cuya producci\u00f3n cultural se depositan las semillas de la identidad local, est\u00e1s posibilitan el desarrollo tur\u00edstico, cuyo capital fundamental es la identidad local, realidad que debe ser conocida y valorada por los miembros de la comunidad.<\/p>\n<p>Considero as\u00ed mismo que esta historia local debe integrarse en el curr\u00edculo escolar, porque permite que las generaciones actuales y\/o venideras entiendan \u201cquienes son, c\u00f3mo se los define socialmente y c\u00f3mo es y funciona la sociedad en que viven\u201d. Este h\u00e1bitat designa una manera de ser, una inclinaci\u00f3n que los diferencia y les entrega un capital cultural imprescindible para la integraci\u00f3n social y cultural.<\/p>\n<p>Mediante esta competencia cultural se permite concebir personas capaces de \u201cposicionarse frente al mundo, frente a los dem\u00e1s, frente a s\u00ed mismo y mirar de otra manera la realidad y pensar en el lugar en que cada uno ocupa en ella\u201d. En 1939, Espa\u00f1a era un pa\u00eds arruinado. Diezmado demogr\u00e1ficamente, el hambre y la extrema necesidad eran la realidad cotidiana de una gran parte de la poblaci\u00f3n. El r\u00e9gimen franquista dio soluci\u00f3n a la penuria econ\u00f3mica usando el modelo creado en la Italia mussoliniana y consolidado en la Alemania de Hitler: la autarqu\u00eda, una pol\u00edtica econ\u00f3mica basada en la b\u00fasqueda de la autosuficiencia econ\u00f3mica y la intervenci\u00f3n del estado. Mientras, el intervencionismo del Estado se extendi\u00f3 por gran parte de la econom\u00eda nacional. El Estado fij\u00f3 los precios agr\u00edcolas y oblig\u00f3 a los campesinos a entregar los excedentes de sus cosechas.<\/p>\n<p>Las estrategias, los movimientos, las necesidades, las soluciones de los montefrie\u00f1os a esta situaci\u00f3n se refleja de forma clara en este interesante documento de Nuestra Memoria Hist\u00f3rica, reflejado en primera persona por su autor, ciudadano que como dec\u00eda al principio ha dedicado una parte muy valiosa de su vida al servicio p\u00fablico, y no satisfecho ahora dedica otro importante \u201cbanco\u201d de tiempo en mostrarnos \u201csu visi\u00f3n\u201d.<\/p>\n<p>Mire el lector la honradez con que ha sido plasmada la sociedad montefrie\u00f1a, sean ben\u00e9volos con posibles olvidos, producto de distintas interpretaciones o simplemente desacuerdos y por supuesto transmitan a sus hij@s y niet@s el bagaje cultural que aqu\u00ed se transmite, com\u00e9ntenlo mediante esas tertulias familiares o de amistad \u2013 por cierto tan olvidadas hoy- analicen las circunstancias , los \u00bfpor qu\u00e9s? , seguramente en estos momentos de ruptura social y cultural el an\u00e1lisis cr\u00edtico servir\u00e1 para entender la realidad, la idiosincrasia de una poblaci\u00f3n que pudo ser y se qued\u00f3\u2026.<\/p>\n<p>Queridos lectores, espero que este libro llene el vacio que el siglo XX nos ha dejado, espero que la lectura provoque la nostalgia mas reivindicativa entre los protagonistas de esta \u00e9poca, la rebeld\u00eda entre los que hemos dejado que pasara por nuestras narices la verdad y admiraci\u00f3n entre las nuevas generaciones por el encomiable trabajo de tod@s y cada un@ de ell@s. Si Jos\u00e9 Guzm\u00e1n Flores consigue que afloren estos sentimientos, creo que Montefrio dejara saldada parte de la deuda a su esfuerzo y dedicaci\u00f3n al bien com\u00fan durante tantos a\u00f1os. Gracias Chove.<\/p>\n","protected":false},"excerpt":{"rendered":"<p>Introducci\u00f3n Presentaci\u00f3n Alcaldesa Ir a Fotos de la Presentaci\u00f3n Ir a V\u00eddeos sobre el Libro Presentaci\u00f3n Tte. Alcalde: Prologar un libro sobre la historia, la vida y las personas de tu lugar de nacimiento es dif\u00edcil, cuando te lo pide un montefrie\u00f1o que ha dedicado gran parte de su vida a lo p\u00fablico se hace [&hellip;]<\/p>\n","protected":false},"author":1,"featured_media":0,"parent":120,"menu_order":0,"comment_status":"open","ping_status":"open","template":"","meta":{"footnotes":""},"class_list":["post-125","page","type-page","status-publish","hentry"],"_links":{"self":[{"href":"https:\/\/chove.hol.es\/web\/index.php?rest_route=\/wp\/v2\/pages\/125","targetHints":{"allow":["GET"]}}],"collection":[{"href":"https:\/\/chove.hol.es\/web\/index.php?rest_route=\/wp\/v2\/pages"}],"about":[{"href":"https:\/\/chove.hol.es\/web\/index.php?rest_route=\/wp\/v2\/types\/page"}],"author":[{"embeddable":true,"href":"https:\/\/chove.hol.es\/web\/index.php?rest_route=\/wp\/v2\/users\/1"}],"replies":[{"embeddable":true,"href":"https:\/\/chove.hol.es\/web\/index.php?rest_route=%2Fwp%2Fv2%2Fcomments&post=125"}],"version-history":[{"count":3,"href":"https:\/\/chove.hol.es\/web\/index.php?rest_route=\/wp\/v2\/pages\/125\/revisions"}],"predecessor-version":[{"id":249,"href":"https:\/\/chove.hol.es\/web\/index.php?rest_route=\/wp\/v2\/pages\/125\/revisions\/249"}],"up":[{"embeddable":true,"href":"https:\/\/chove.hol.es\/web\/index.php?rest_route=\/wp\/v2\/pages\/120"}],"wp:attachment":[{"href":"https:\/\/chove.hol.es\/web\/index.php?rest_route=%2Fwp%2Fv2%2Fmedia&parent=125"}],"curies":[{"name":"wp","href":"https:\/\/api.w.org\/{rel}","templated":true}]}}

Presentación Tte. Alcalde

<p><a href="http://chove.hol.es/web/wp-content/uploads/2015/12/portada2.png"><img loading="lazy" decoding="async" class="aligncenter size-medium wp-image-121" src="http://chove.hol.es/web/wp-content/uploads/2015/12/portada2-210x300.png" alt="" width="210" height="300" srcset="https://chove.hol.es/web/wp-content/uploads/2015/12/portada2-210x300.png 210w, https://chove.hol.es/web/wp-content/uploads/2015/12/portada2.png 362w" sizes="auto, (max-width: 210px) 100vw, 210px" /></a></p>
<ul>
<li><a title="Montefrío: Historia y Vidad de sus Gentes (Años 50 y 60)" href="http://chove.hol.es/web/?page_id=120">Introducción</a></li>
<li><a title="Presentación Alcaldesa" href="http://chove.hol.es/web/?page_id=123">Presentación Alcaldesa</a></li>
<li><a title="Montefrío: Historia y Vida de sus Gentes" href="http://chove.hol.es/web/?page_id=67">Ir a Fotos de la Presentación</a></li>
<li><a title="Montefrío: Historia y Vida de sus Gentes" href="http://chove.hol.es/web/?page_id=244">Ir a Vídeos sobre el Libro</a></li>
</ul>
<p><strong>Presentación Tte. Alcalde:</strong></p>
<p>Prologar un libro sobre la historia, la vida y las personas de tu lugar de nacimiento es difícil, cuando te lo pide un montefrieño que ha dedicado gran parte de su vida a lo público se hace realmente muy difícil, pero a la vez, para ser honesto, una verdadera satisfacción y un halago que tal vez no merezca.</p>
<p>Hablar de historia local y de identidad, es hablar sobre nosotros y nuestra historia, la micro historia que se ocupa de personas y agrupaciones que viven en un mismo territorio. Este libro que rompe con el paradigma de la Historia económica y política, de los grandes acontecimientos, que jamás trató de los sujetos históricos comunes, estos que tienen mucho que aportar para la comprensión de las identidades locales, los que en el duro proceso de superar la segunda mitad del siglo XX mostraron su coraje, su valentía y su trabajo para sobrevivir a esos momentos duros y tristes, que lucharon para permitir que la generación posterior, a la que pertenezco, disfrutemos de un estado de bienestar y sobre todo de libertad extraordinarios. Ell@s han sido los verdaderos artífices de la libertad, así que para comenzar “gracias” a todos los “protagonistas” de esta maravillosa historia de vida por otorgarme “mí libertad”.</p>
<p>Fueron los marxistas ingleses con su historia social y los antropólogos sociales en Estados Unidos los que fomentaron estos estudios como identidades colectivas en la década de los 70.</p>
<p>Esta narrativa se enmarca dentro de la Posmodernidad, proceso teórico y cultural, que reniega del gran relato de la historia, evolutiva, progresiva y única con la que se construyó el mito de las historias nacionales que hoy tanta controversia fomenta entre la ciudadanía.</p>
<p>La historia local, aparece como una forma de rescatar a los sujetos comunes, que habían sido excluidos de la historia oficial, rescatan del olvido los procesos individuales y sociales del quehacer cotidiano de una población.</p>
<p>Con el desarrollo de la Post modernidad y el proceso de globalización económico y cultural, la historia local se ha convertido en una necesidad social, en cuya producción cultural se depositan las semillas de la identidad local, estás posibilitan el desarrollo turístico, cuyo capital fundamental es la identidad local, realidad que debe ser conocida y valorada por los miembros de la comunidad.</p>
<p>Considero así mismo que esta historia local debe integrarse en el currículo escolar, porque permite que las generaciones actuales y/o venideras entiendan “quienes son, cómo se los define socialmente y cómo es y funciona la sociedad en que viven”. Este hábitat designa una manera de ser, una inclinación que los diferencia y les entrega un capital cultural imprescindible para la integración social y cultural.</p>
<p>Mediante esta competencia cultural se permite concebir personas capaces de “posicionarse frente al mundo, frente a los demás, frente a sí mismo y mirar de otra manera la realidad y pensar en el lugar en que cada uno ocupa en ella”. En 1939, España era un país arruinado. Diezmado demográficamente, el hambre y la extrema necesidad eran la realidad cotidiana de una gran parte de la población. El régimen franquista dio solución a la penuria económica usando el modelo creado en la Italia mussoliniana y consolidado en la Alemania de Hitler: la autarquía, una política económica basada en la búsqueda de la autosuficiencia económica y la intervención del estado. Mientras, el intervencionismo del Estado se extendió por gran parte de la economía nacional. El Estado fijó los precios agrícolas y obligó a los campesinos a entregar los excedentes de sus cosechas.</p>
<p>Las estrategias, los movimientos, las necesidades, las soluciones de los montefrieños a esta situación se refleja de forma clara en este interesante documento de Nuestra Memoria Histórica, reflejado en primera persona por su autor, ciudadano que como decía al principio ha dedicado una parte muy valiosa de su vida al servicio público, y no satisfecho ahora dedica otro importante “banco” de tiempo en mostrarnos “su visión”.</p>
<p>Mire el lector la honradez con que ha sido plasmada la sociedad montefrieña, sean benévolos con posibles olvidos, producto de distintas interpretaciones o simplemente desacuerdos y por supuesto transmitan a sus hij@s y niet@s el bagaje cultural que aquí se transmite, coméntenlo mediante esas tertulias familiares o de amistad – por cierto tan olvidadas hoy- analicen las circunstancias , los ¿por qués? , seguramente en estos momentos de ruptura social y cultural el análisis crítico servirá para entender la realidad, la idiosincrasia de una población que pudo ser y se quedó….</p>
<p>Queridos lectores, espero que este libro llene el vacio que el siglo XX nos ha dejado, espero que la lectura provoque la nostalgia mas reivindicativa entre los protagonistas de esta época, la rebeldía entre los que hemos dejado que pasara por nuestras narices la verdad y admiración entre las nuevas generaciones por el encomiable trabajo de tod@s y cada un@ de ell@s. Si José Guzmán Flores consigue que afloren estos sentimientos, creo que Montefrio dejara saldada parte de la deuda a su esfuerzo y dedicación al bien común durante tantos años. Gracias Chove.</p>

<p>Introducción Presentación Alcaldesa Ir a Fotos de la Presentación Ir a Vídeos sobre el Libro Presentación Tte. Alcalde: Prologar un libro sobre la historia, la vida y las personas de tu lugar de nacimiento es difícil, cuando te lo pide un montefrieño que ha dedicado gran parte de su vida a lo público se hace [&hellip;]</p>
