{"id":19,"date":"2015-12-21T18:36:14","date_gmt":"2015-12-21T18:36:14","guid":{"rendered":"http:\/\/chove.hol.es\/web\/?page_id=19"},"modified":"2015-12-25T17:17:07","modified_gmt":"2015-12-25T17:17:07","slug":"galeria-multimedia","status":"publish","type":"page","link":"https:\/\/chove.hol.es\/web\/?page_id=19","title":{"rendered":"Galer\u00eda Multimedia"},"content":{"rendered":"<p>En la galer\u00eda multimedia puede encontrar fotos, v\u00eddeos, canciones, partiruras, etc. siempre relacionados con las obras de Jos\u00e9 Guzm\u00e1n o con Montefr\u00edo. En estos momentos disponemos del siguiente contenido:<\/p>\n<p><strong><a href=\"http:\/\/chove.hol.es\/web\/?page_id=43\" title=\"Fotos\">Fotos<\/a><\/strong><\/p>\n<p><strong><a href=\"http:\/\/chove.hol.es\/web\/?page_id=46\" title=\"V\u00eddeos\">V\u00eddeos<\/a><\/strong><\/p>\n<p><strong><a href=\"http:\/\/chove.hol.es\/web\/?page_id=53\" title=\"Partituras\">Partituras<\/a><\/strong><\/p>\n<p><strong><a href=\"http:\/\/chove.hol.es\/web\/?page_id=59\" title=\"Audios\">Audios<\/a><\/strong><\/p>\n","protected":false},"excerpt":{"rendered":"<p>En la galer\u00eda multimedia puede encontrar fotos, v\u00eddeos, canciones, partiruras, etc. siempre relacionados con las obras de Jos\u00e9 Guzm\u00e1n o con Montefr\u00edo. En estos momentos disponemos del siguiente contenido: Fotos V\u00eddeos Partituras Audios<\/p>\n","protected":false},"author":1,"featured_media":0,"parent":0,"menu_order":0,"comment_status":"closed","ping_status":"open","template":"","meta":{"footnotes":""},"class_list":["post-19","page","type-page","status-publish","hentry"],"_links":{"self":[{"href":"https:\/\/chove.hol.es\/web\/index.php?rest_route=\/wp\/v2\/pages\/19","targetHints":{"allow":["GET"]}}],"collection":[{"href":"https:\/\/chove.hol.es\/web\/index.php?rest_route=\/wp\/v2\/pages"}],"about":[{"href":"https:\/\/chove.hol.es\/web\/index.php?rest_route=\/wp\/v2\/types\/page"}],"author":[{"embeddable":true,"href":"https:\/\/chove.hol.es\/web\/index.php?rest_route=\/wp\/v2\/users\/1"}],"replies":[{"embeddable":true,"href":"https:\/\/chove.hol.es\/web\/index.php?rest_route=%2Fwp%2Fv2%2Fcomments&post=19"}],"version-history":[{"count":11,"href":"https:\/\/chove.hol.es\/web\/index.php?rest_route=\/wp\/v2\/pages\/19\/revisions"}],"predecessor-version":[{"id":62,"href":"https:\/\/chove.hol.es\/web\/index.php?rest_route=\/wp\/v2\/pages\/19\/revisions\/62"}],"wp:attachment":[{"href":"https:\/\/chove.hol.es\/web\/index.php?rest_route=%2Fwp%2Fv2%2Fmedia&parent=19"}],"curies":[{"name":"wp","href":"https:\/\/api.w.org\/{rel}","templated":true}]}}