{"id":512,"date":"2016-01-23T12:57:00","date_gmt":"2016-01-23T12:57:00","guid":{"rendered":"http:\/\/chove.hol.es\/web\/?page_id=512"},"modified":"2016-01-25T21:03:07","modified_gmt":"2016-01-25T21:03:07","slug":"libro-la-candelaria-y-el-carnaval-montefrienos","status":"publish","type":"page","link":"https:\/\/chove.hol.es\/web\/?page_id=512","title":{"rendered":"Libro La Candelaria y el Carnaval Montefrie\u00f1os"},"content":{"rendered":"<ul>\n<li><a title=\"Ir a Introducci\u00f3n del Libro\" href=\"&quot;http:\/\/chove.hol.es\/web\/?page_id=261\">Ir a introducci\u00f3n del libro<\/a><\/li>\n<li><a title=\"Presentaci\u00f3n Alcalde\" href=\"http:\/\/chove.hol.es\/web\/?page_id=267\">Presentaci\u00f3n Alcalde<\/a><\/li>\n<li><a title=\"Presentaci\u00f3n Tte. Alcalde \u2013 Delegado de Cultura\" href=\"http:\/\/chove.hol.es\/web\/?page_id=269\">Presentaci\u00f3n Tte. Alcalde \u2013 Delegado de Cultura<\/a><\/li>\n<li><a title=\"La Candelaria y el Carnaval Montefrie\u00f1os\" href=\"http:\/\/chove.hol.es\/web\/?page_id=498\">Ir a Fotos Presentaci\u00f3n<\/a><\/li>\n<li><a title=\"CD Coplas Carnaval y Candelaria Montefr\u00edo\" href=\"http:\/\/chove.hol.es\/web\/?page_id=176\">CD La Candelaria y el Carnaval montefrie\u00f1os<\/a><\/li>\n<li><a title=\"Prensa Digital\" href=\"http:\/\/chove.hol.es\/web\/?page_id=103\">Prensa Digital<\/a><\/li>\n<\/ul>\n<p><iframe loading=\"lazy\" title=\"Montefr\u00edo. Concierto-Presentaci\u00f3n libro &quot;La Candelaria y el Carnaval Montefrie\u00f1os&quot;.\" width=\"640\" height=\"360\" src=\"https:\/\/www.youtube.com\/embed\/RllbYKF51zQ?feature=oembed\" frameborder=\"0\" allow=\"accelerometer; autoplay; clipboard-write; encrypted-media; gyroscope; picture-in-picture; web-share\" referrerpolicy=\"strict-origin-when-cross-origin\" allowfullscreen><\/iframe><\/p>\n<p>&nbsp;<\/p>\n<p><iframe loading=\"lazy\" title=\"Montefr\u00edo. Concierto-Presentaci\u00f3n libro &quot;La Candelaria y el Carnaval Montefrie\u00f1os&quot;.\" width=\"640\" height=\"360\" src=\"https:\/\/www.youtube.com\/embed\/k5nE0VnpqHk?feature=oembed\" frameborder=\"0\" allow=\"accelerometer; autoplay; clipboard-write; encrypted-media; gyroscope; picture-in-picture; web-share\" referrerpolicy=\"strict-origin-when-cross-origin\" allowfullscreen><\/iframe><\/p>\n<p>&nbsp;<\/p>\n<p><iframe loading=\"lazy\" title=\"Montefr\u00edo. Concierto-Presentaci\u00f3n libro &quot;La Candelaria y el Carnaval Montefrie\u00f1os&quot;.\" width=\"640\" height=\"360\" src=\"https:\/\/www.youtube.com\/embed\/SRRSIZy7OV8?feature=oembed\" frameborder=\"0\" allow=\"accelerometer; autoplay; clipboard-write; encrypted-media; gyroscope; picture-in-picture; web-share\" referrerpolicy=\"strict-origin-when-cross-origin\" allowfullscreen><\/iframe><\/p>\n<p>&nbsp;<\/p>\n<p><iframe loading=\"lazy\" title=\"Mayores de Montefr\u00edo graban un CD con canciones populares antiguas\" width=\"640\" height=\"360\" src=\"https:\/\/www.youtube.com\/embed\/5xod6tfAME0?feature=oembed\" frameborder=\"0\" allow=\"accelerometer; autoplay; clipboard-write; encrypted-media; gyroscope; picture-in-picture; web-share\" referrerpolicy=\"strict-origin-when-cross-origin\" allowfullscreen><\/iframe><\/p>\n<p>&nbsp;<\/p>\n<p><iframe loading=\"lazy\" title=\"Concierto agosto 2014 - Parte 1\" width=\"640\" height=\"480\" src=\"https:\/\/www.youtube.com\/embed\/pWA88mYBK6Y?feature=oembed\" frameborder=\"0\" allow=\"accelerometer; autoplay; clipboard-write; encrypted-media; gyroscope; picture-in-picture; web-share\" referrerpolicy=\"strict-origin-when-cross-origin\" allowfullscreen><\/iframe><\/p>\n<p>&nbsp;<\/p>\n<p>&nbsp;<\/p>\n<p><iframe loading=\"lazy\" title=\"Concierto agosto 2014 - Parte 2\" width=\"640\" height=\"480\" src=\"https:\/\/www.youtube.com\/embed\/pL3k1L9vrrM?feature=oembed\" frameborder=\"0\" allow=\"accelerometer; autoplay; clipboard-write; encrypted-media; gyroscope; picture-in-picture; web-share\" referrerpolicy=\"strict-origin-when-cross-origin\" allowfullscreen><\/iframe><\/p>\n<p>&nbsp;<\/p>\n","protected":false},"excerpt":{"rendered":"<p>Ir a introducci\u00f3n del libro Presentaci\u00f3n Alcalde Presentaci\u00f3n Tte. Alcalde \u2013 Delegado de Cultura Ir a Fotos Presentaci\u00f3n CD La Candelaria y el Carnaval montefrie\u00f1os Prensa Digital &nbsp; &nbsp; &nbsp; &nbsp; &nbsp; &nbsp; &nbsp;<\/p>\n","protected":false},"author":1,"featured_media":0,"parent":46,"menu_order":0,"comment_status":"closed","ping_status":"open","template":"","meta":{"footnotes":""},"class_list":["post-512","page","type-page","status-publish","hentry"],"_links":{"self":[{"href":"https:\/\/chove.hol.es\/web\/index.php?rest_route=\/wp\/v2\/pages\/512","targetHints":{"allow":["GET"]}}],"collection":[{"href":"https:\/\/chove.hol.es\/web\/index.php?rest_route=\/wp\/v2\/pages"}],"about":[{"href":"https:\/\/chove.hol.es\/web\/index.php?rest_route=\/wp\/v2\/types\/page"}],"author":[{"embeddable":true,"href":"https:\/\/chove.hol.es\/web\/index.php?rest_route=\/wp\/v2\/users\/1"}],"replies":[{"embeddable":true,"href":"https:\/\/chove.hol.es\/web\/index.php?rest_route=%2Fwp%2Fv2%2Fcomments&post=512"}],"version-history":[{"count":9,"href":"https:\/\/chove.hol.es\/web\/index.php?rest_route=\/wp\/v2\/pages\/512\/revisions"}],"predecessor-version":[{"id":551,"href":"https:\/\/chove.hol.es\/web\/index.php?rest_route=\/wp\/v2\/pages\/512\/revisions\/551"}],"up":[{"embeddable":true,"href":"https:\/\/chove.hol.es\/web\/index.php?rest_route=\/wp\/v2\/pages\/46"}],"wp:attachment":[{"href":"https:\/\/chove.hol.es\/web\/index.php?rest_route=%2Fwp%2Fv2%2Fmedia&parent=512"}],"curies":[{"name":"wp","href":"https:\/\/api.w.org\/{rel}","templated":true}]}}

Libro La Candelaria y el Carnaval Montefrieños

<ul>
<li><a title="Ir a Introducción del Libro" href="&quot;http://chove.hol.es/web/?page_id=261">Ir a introducción del libro</a></li>
<li><a title="Presentación Alcalde" href="http://chove.hol.es/web/?page_id=267">Presentación Alcalde</a></li>
<li><a title="Presentación Tte. Alcalde – Delegado de Cultura" href="http://chove.hol.es/web/?page_id=269">Presentación Tte. Alcalde – Delegado de Cultura</a></li>
<li><a title="La Candelaria y el Carnaval Montefrieños" href="http://chove.hol.es/web/?page_id=498">Ir a Fotos Presentación</a></li>
<li><a title="CD Coplas Carnaval y Candelaria Montefrío" href="http://chove.hol.es/web/?page_id=176">CD La Candelaria y el Carnaval montefrieños</a></li>
<li><a title="Prensa Digital" href="http://chove.hol.es/web/?page_id=103">Prensa Digital</a></li>
</ul>
<p><iframe loading="lazy" title="Montefrío. Concierto-Presentación libro &quot;La Candelaria y el Carnaval Montefrieños&quot;." width="640" height="360" src="https://www.youtube.com/embed/RllbYKF51zQ?feature=oembed" frameborder="0" allow="accelerometer; autoplay; clipboard-write; encrypted-media; gyroscope; picture-in-picture; web-share" referrerpolicy="strict-origin-when-cross-origin" allowfullscreen></iframe></p>
<p>&nbsp;</p>
<p><iframe loading="lazy" title="Montefrío. Concierto-Presentación libro &quot;La Candelaria y el Carnaval Montefrieños&quot;." width="640" height="360" src="https://www.youtube.com/embed/k5nE0VnpqHk?feature=oembed" frameborder="0" allow="accelerometer; autoplay; clipboard-write; encrypted-media; gyroscope; picture-in-picture; web-share" referrerpolicy="strict-origin-when-cross-origin" allowfullscreen></iframe></p>
<p>&nbsp;</p>
<p><iframe loading="lazy" title="Montefrío. Concierto-Presentación libro &quot;La Candelaria y el Carnaval Montefrieños&quot;." width="640" height="360" src="https://www.youtube.com/embed/SRRSIZy7OV8?feature=oembed" frameborder="0" allow="accelerometer; autoplay; clipboard-write; encrypted-media; gyroscope; picture-in-picture; web-share" referrerpolicy="strict-origin-when-cross-origin" allowfullscreen></iframe></p>
<p>&nbsp;</p>
<p><iframe loading="lazy" title="Mayores de Montefrío graban un CD con canciones populares antiguas" width="640" height="360" src="https://www.youtube.com/embed/5xod6tfAME0?feature=oembed" frameborder="0" allow="accelerometer; autoplay; clipboard-write; encrypted-media; gyroscope; picture-in-picture; web-share" referrerpolicy="strict-origin-when-cross-origin" allowfullscreen></iframe></p>
<p>&nbsp;</p>
<p><iframe loading="lazy" title="Concierto agosto 2014 - Parte 1" width="640" height="480" src="https://www.youtube.com/embed/pWA88mYBK6Y?feature=oembed" frameborder="0" allow="accelerometer; autoplay; clipboard-write; encrypted-media; gyroscope; picture-in-picture; web-share" referrerpolicy="strict-origin-when-cross-origin" allowfullscreen></iframe></p>
<p>&nbsp;</p>
<p>&nbsp;</p>
<p><iframe loading="lazy" title="Concierto agosto 2014 - Parte 2" width="640" height="480" src="https://www.youtube.com/embed/pL3k1L9vrrM?feature=oembed" frameborder="0" allow="accelerometer; autoplay; clipboard-write; encrypted-media; gyroscope; picture-in-picture; web-share" referrerpolicy="strict-origin-when-cross-origin" allowfullscreen></iframe></p>
<p>&nbsp;</p>

<p>Ir a introducción del libro Presentación Alcalde Presentación Tte. Alcalde – Delegado de Cultura Ir a Fotos Presentación CD La Candelaria y el Carnaval montefrieños Prensa Digital &nbsp; &nbsp; &nbsp; &nbsp; &nbsp; &nbsp; &nbsp;</p>
